factor of 11998512 and 582?
582
What is the greatest common factor of 1273538 and 34?
34
Calculate the greatest common factor of 60224 and 848.
16
Calculate the highest common divisor of 478 and 74.
2
Calculate the greatest common factor of 12888 and 216.
72
Calculate the highest common factor of 338401 and 1015.
203
What is the greatest common divisor of 11464 and 568?
8
Calculate the greatest common factor of 24 and 738468.
12
Calculate the highest common factor of 77328 and 216.
216
Calculate the greatest common factor of 3404 and 2208.
92
What is the highest common factor of 6604 and 416?
52
Calculate the greatest common factor of 396 and 210804.
132
What is the highest common divisor of 4 and 4195584?
4
What is the highest common divisor of 171 and 20619?
9
Calculate the greatest common factor of 61464 and 147356.
788
Calculate the greatest common divisor of 14 and 1393658.
14
What is the greatest common divisor of 843759 and 8260?
413
Calculate the highest common divisor of 116060 and 350.
70
What is the greatest common factor of 1375 and 43505?
55
What is the highest common divisor of 200 and 53700?
100
What is the greatest common factor of 8690 and 20?
10
Calculate the greatest common divisor of 5655 and 1189.
29
Calculate the highest common factor of 50589 and 99.
99
What is the highest common factor of 2806 and 131606?
46
Calculate the greatest common factor of 5124 and 568337.
427
What is the highest common factor of 1148 and 7109564?
1148
What is the highest common factor of 1207 and 247?
1
What is the highest common factor of 268 and 5226?
134
What is the highest common factor of 12321 and 279?
9
Calculate the greatest common divisor of 620509 and 194.
97
Calculate the greatest common factor of 256 and 264.
8
Calculate the highest common factor of 2532 and 108.
12
Calculate the highest common factor of 5012 and 1708.
28
What is the greatest common factor of 23 and 717?
1
Calculate the greatest common factor of 146744 and 1144.
104
Calculate the greatest common divisor of 1684827 and 54.
27
Calculate the highest common divisor of 1330 and 7210.
70
What is the greatest common factor of 1306478 and 76?
38
Calculate the greatest common factor of 136 and 60486.
34
What is the greatest common factor of 676 and 12572?
4
What is the greatest common divisor of 393 and 488499?
393
What is the highest common factor of 101100 and 15675?
75
What is the highest common divisor of 540 and 610308?
108
Calculate the greatest common divisor of 91598 and 542.
542
Calculate the highest common factor of 160299 and 81.
81
What is the greatest common factor of 9425 and 2405?
65
What is the highest common factor of 154 and 59633?
7
Calculate the highest common divisor of 39226 and 66.
22
Calculate the greatest common factor of 742252 and 8.
4
Calculate the greatest common divisor of 4848 and 3456.
48
What is the greatest common divisor of 92 and 428?
4
What is the highest common divisor of 34 and 9790011?
17
What is the greatest common factor of 27146 and 7202?
554
Calculate the highest common factor of 694117 and 515.
103
What is the greatest common divisor of 815396 and 184?
92
What is the highest common divisor of 40 and 1191290?
10
Calculate the highest common factor of 221 and 964886.
221
Calculate the greatest common factor of 17578 and 9682.
94
What is the greatest common factor of 120 and 53736?
24
Calculate the highest common divisor of 65759 and 1824.
19
Calculate the greatest common factor of 416 and 189072.
208
Calculate the greatest common factor of 60 and 7016.
4
What is the highest common divisor of 35475 and 39?
3
Calculate the highest common factor of 10780 and 157045.
245
What is the highest common divisor of 33392 and 48?
16
What is the highest common divisor of 204 and 1262454?
102
What is the highest common divisor of 144045 and 22?
11
Calculate the greatest common divisor of 221 and 105807.
13
What is the highest common divisor of 1056 and 5412?
132
What is the highest common divisor of 187856 and 1888?
944
Calculate the highest common divisor of 20325 and 975.
75
What is the greatest common divisor of 1032 and 6856?
8
What is the greatest common factor of 17820 and 41184?
396
Calculate the highest common factor of 66771 and 54.
27
Calculate the greatest common factor of 22826636 and 14.
14
Calculate the highest common factor of 74991 and 7.
7
What is the greatest common divisor of 108 and 3587868?
108
What is the highest common divisor of 54943 and 2303?
329
Calculate the highest common factor of 32572 and 68.
68
What is the highest common factor of 434 and 28?
14
Calculate the highest common factor of 162 and 5862.
6
Calculate the greatest common factor of 39583 and 115.
23
Calculate the greatest common factor of 15064 and 76127.
269
Calculate the greatest common factor of 320 and 1003280.
80
What is the highest common factor of 2364 and 108?
12
What is the highest common divisor of 2793 and 418?
19
What is the greatest common factor of 25110 and 17610?
30
What is the highest common divisor of 297 and 1967526?
99
Calculate the greatest common divisor of 363080 and 87.
29
What is the greatest common divisor of 15452 and 62?
2
What is the highest common factor of 3232 and 4747?
101
Calculate the highest common factor of 20831 and 296.
37
Calculate the highest common divisor of 22 and 3971.
11
Calculate the highest common factor of 42 and 6234.
6
What is the highest common divisor of 141505 and 455?
455
What is the highest common divisor of 1725 and 104075?
575
What is the highest common divisor of 406 and 1228759?
203
Calculate the highest common divisor of 7943 and 94.
47
Calculate the greatest common factor of 1764 and 2625.
21
What is the highest common factor of 590920 and 20?
20
Calculate the greatest common factor of 58 and 63771.
29
Calculate the highest common factor of 3927 and 6307.
119
Calculate the highest common factor of 6750 and 1782.
54
What is the highest common factor of 4722973 and 1607?
1607
What is the greatest common factor of 48 and 590768?
16
Calculate the greatest common divisor of 84 and 45248.
28
Calculate the greatest common divisor of 383 and 467.
1
Calculate the greatest common factor of 6468 and 336.
84
What is the greatest common divisor of 2162 and 187342?
94
What is the greatest common divisor of 264 and 4524168?
264
Calculate the greatest common divisor of 64970 and 9855.
365
Calculate the greatest common divisor of 371 and 26288.
53
What is the highest common divisor of 67172 and 4?
4
Calculate the greatest common factor of 420 and 38535.
105
What is the highest common divisor of 42749 and 985?
197
Calculate the highest common divisor of 30 and 97110.
30
What is the greatest common divisor of 230 and 1081?
23
Calculate the highest common factor of 12177 and 1968.
123
What is the highest common factor of 81260 and 510?
170
Calculate the highest common divisor of 3558 and 111.
3
What is the greatest common factor of 596 and 22?
2
Calculate the greatest common divisor of 535517 and 436.
109
What is the highest common divisor of 144 and 1704?
24
Calculate the greatest common divisor of 464 and 196040.
232
Calculate the highest common divisor of 1626 and 474.
6
What is the highest common divisor of 4 and 6968?
4
What is the greatest common divisor of 42948 and 36?
36
What is the highest common factor of 17743 and 1001?
11
What is the greatest common divisor of 658 and 8750?
14
Calculate the highest common divisor of 7964 and 1012.
44
Calculate the highest common divisor of 42205 and 230.
115
Calculate the highest common divisor of 2444 and 2652.
52
What is the highest common divisor of 1168 and 56?
8
Calculate the highest common divisor of 130637 and 104.
13
Calculate the greatest common divisor of 695589 and 4692.
1173
Calculate the greatest common divisor of 13168 and 2512.
16
Calculate the greatest common divisor of 1155225 and 275.
25
Calculate the greatest common factor of 124824 and 714.
42
What is the highest common factor of 15808 and 48?
16
What is the greatest common factor of 895 and 3401?
179
What is the greatest common factor of 35179 and 5461?
127
Calculate the highest common factor of 68 and 4084.
4
What is the greatest common divisor of 28 and 72508?
4
Calculate the greatest common 